206 + 94 = 0. Calculate the highest common divisor of p and 410.
10
Suppose -6*g + 10*g = 28. Let b = 25 - g. Calculate the greatest common divisor of b and 108.
18
Let i(a) = a**3 + 9*a**2 + 9*a. Let g be i(-6). Suppose -3*d + d + 80 = 0. Suppose d = -6*m + 256. What is the highest common factor of g and m?
18
Let s(d) = -d**3 + d**2 - 7*d - 5. Let h be s(-5). Suppose -13*v = -10*v - h. Calculate the greatest common divisor of 40 and v.
20
Let z(c) = -c**2 + 11*c + 1. Let q be z(11). Suppose -2*w + 31 = q. Calculate the highest common divisor of w and 3.
3
Let h be 3 + (-2)/1 - -8. Let b(z) = z. Let u be b(h). Suppose 5*v + 63*l = 62*l + 313, 5*v - l = 317. What is the greatest common factor of u and v?
9
Let f = -221 + 353. Let i = f + -92. Suppose -3*w = w - i. What is the greatest common factor of 60 and w?
10
Let y(h) = 27*h - 681. Let r be y(35). Calculate the highest common divisor of r and 120.
24
Let u(b) = b**2 - 14*b + 5. Let o be u(14). Suppose -90 = -o*s + 4*n, -86 = -3*s - 5*n + n. Calculate the greatest common divisor of s and 154.
22
Let s = 158 + -92. Let x(a) = 2*a**3 - 15*a**2 - 9*a + 14. Let i be x(8). Calculate the greatest common factor of s and i.
6
Let l(i) = 5*i. Let w be l(3). Let c = 7 + -4. Suppose c*s - 219 = 2*u, -119 = -2*s + 4*u + 19. Calculate the highest common divisor of w and s.
15
Let g(y) = -10*y + 555. Let b be g(43). Calculate the highest common factor of b and 500.
125
Suppose -2*n = 4*i - 58 + 12, n = i - 19. What is the greatest common factor of i and 588?
14
Let v = 87 + -59. Let i = 39 - v. What is the greatest common divisor of i and 33?
11
Let w = 56 + 72. Calculate the greatest common factor of 224 and w.
32
Let b be (3 - (-1520)/25) + 1/5. Let p = -57 + b. Calculate the greatest common factor of p and 28.
7
Let b(v) = 23*v + 2. Let s be b(1). Calculate the greatest common divisor of s and 85.
5
Let l be (182/(-3))/(((-85)/51)/5). Calculate the greatest common divisor of l and 84.
14
Suppose 0 = -14*c + 3565 + 859. What is the greatest common divisor of 237 and c?
79
Let o(a) = a**2 + 16*a + 29. Let c be o(-2). Calculate the greatest common divisor of 1 and c.
1
Suppose 2*b = 16 - 8. Suppose b*k - 14 = s, 2*k + 5*s = 2*s. Calculate the highest common divisor of 24 and k.
3
Let x(v) = -v + 2. Let c = 6 + -9. Let s be x(c). Calculate the highest common divisor of 35 and s.
5
Let f(t) = 4*t**2 + 107*t - 122. Let n be f(-36). What is the greatest common divisor of 10 and n?
10
Let t(g) = -100*g - 4. Let o be (-1)/((2/(-4))/((-8)/16)). Let w be t(o). What is the greatest common factor of w and 12?
12
Suppose 16*s - 2*s = 14. Calculate the greatest common divisor of 9 and s.
1
Let g(w) = 59*w - 170. Let n be g(4). Calculate the highest common divisor of n and 759.
33
Suppose -4*j - 18 = -h, -j - 2*j = 12. What is the greatest common divisor of 5 and h?
1
Let a(h) = 2*h**2 - 5*h + 4. Let v be a(3). Calculate the greatest common divisor of v and 413.
7
Let z be 462*11*2/77. Calculate the greatest common divisor of 165 and z.
33
Let q be (51/34)/((-3)/(-4)). Let l(d) = 4*d - 3*d**2 - 6 - q*d + 2 - 3*d**3. Let t be l(-3). What is the greatest common factor of 11 and t?
11
Let d(x) = -2*x**3 - 7*x**2 - 10*x - 25. Let q be d(-5). What is the greatest common divisor of 40 and q?
20
Let b = -1541 + 1552. Calculate the greatest common factor of b and 1177.
11
Suppose -3 = -5*i + 22. Suppose -3*y + 3*z = -84, 0 = i*z - 42 + 17. What is the highest common divisor of y and 3?
3
Let v(k) = k**3 - 2*k**2 - 7*k + 17. Let m be v(0). Suppose b - 12 - 5 = 0. What is the greatest common factor of m and b?
17
Let f be 6/9*(-1 + 10). Let s be (f/(-4))/((-2)/4). Let k be (-1 + 3)*6 + 0. What is the highest common divisor of s and k?
3
Suppose -5*r - 4*q + 614 = 0, 163 + 325 = 4*r + 4*q. Calculate the greatest common factor of 14 and r.
14
Suppose 0 = m + 4*t - 7, 4*m - 3*t = -6*t + 15. Let k be 90/m*(-7)/(63/(-6)). What is the highest common divisor of k and 10?
10
Suppose -h + 8 = -11. Suppose -10*a = -14082 - 1728. Suppose -7*b = 118 - a. Calculate the greatest common factor of h and b.
19
Let j(z) be the first derivative of 2*z**3/3 + 9*z**2/2 - 3*z - 3. Let g be j(-7). Let v = -383 + 463. Calculate the greatest common divisor of g and v.
16
Let y = -42 - -124. Let f be y/6*3 - (0 - -2). Calculate the greatest common factor of 312 and f.
39
Let y be 196/(-6)*(-12)/4. Calculate the highest common divisor of y and 28.
14
Let j(a) = 118*a**3 + 2*a**2 - 4*a + 1. Let f be j(1). Suppose 6*d - 52 = 2*d. What is the greatest common divisor of f and d?
13
Suppose t - 1 = -4*n + 5, -5*n - 3*t = -4. Suppose -p - 2 = 5*m - 15, -p = 3*m - 9. Suppose -k = -m*k + n. What is the highest common factor of 8 and k?
2
Let j = -10 + 13. Let z = 276 + -255. What is the highest common factor of j and z?
3
Let d be (1/2)/(2/8). Let z = -48599 + 48602. What is the highest common divisor of d and z?
1
Suppose -l - 5 = -2*m - m, 0 = 4*l - 5*m + 13. Let t be (6 - 6) + (28 - l). Let w be ((-336)/10)/((-9)/t). What is the highest common divisor of 14 and w?
14
Let l(y) = -2*y**2 - 2*y - 3. Let b be l(-3). Let z be 4/(-10) - 66/b. Suppose 0*i = -z*i + 156. What is the greatest common factor of 13 and i?
13
Let m be 22/(-8)*(161 + -1)/(-4). What is the highest common factor of m and 5?
5
Let m(j) = 4*j**3 - 3*j**2 + 2*j - 3. Let l be m(2). Let x = 3 - -18. What is the greatest common divisor of l and x?
21
Let t = -40 - -85. Let z be (4/(-5))/((-3)/t). What is the greatest common divisor of 156 and z?
12
Let t be (-4)/(4/(-2) + 1). Suppose 3*l + h - 27 = l, t*l = -h + 49. What is the greatest common divisor of 1 and l?
1
Let v(k) be the third derivative of -k**4/24 + 7*k**3/6 - 4*k**2. Let o be v(0). Suppose -o*b + 11*b - 240 = 0. What is the highest common factor of b and 40?
20
Suppose -2*k + k = -39. Let r = 154 + -128. Calculate the highest common factor of k and r.
13
Suppose 27*g + 21*g - 4*g = 1188. Let x(j) = 7*j**2 - 4*j - 6. Let c be x(-5). What is the highest common divisor of g and c?
27
Let w be ((-7)/(-3) + -3)*-3. Suppose i - 4 = -w*p, -5*p - 5*i = -0*p - 5. Let l be (1 - -29)/p - -2. What is the highest common divisor of l and 3?
3
Suppose 2*z - 23*z = -420. Let d(q) = q**2 + 8*q + 8. Let x be d(-8). Calculate the greatest common divisor of z and x.
4
Let o be 1/((-1)/(-80)*2). Let y be 23/(2277/1962) + 2/11. Calculate the highest common divisor of o and y.
20
Let h(o) = -5*o - 10. Let l be h(-5). Let a be (10/l)/((-2)/318). Let b = -16 - a. Calculate the highest common factor of 9 and b.
9
Suppose -11 = -f - 2*y + 7, 3*y = 4*f - 127. Calculate the highest common factor of 7 and f.
7
Suppose -3*c - 9 = -6*c. Suppose 4*s + 11 = 2*k - 7, -2*k = 5*s + 18. Calculate the greatest common factor of k and c.
1
Let u(c) = -2*c**3 + c**2 - 4*c + 2. Let x be u(-4). Suppose 116*s - 56*s = 1080. Calculate the highest common divisor of s and x.
18
Suppose -9 = -z + 11. Suppose 5*s - z = -3*n, -2*s + 10 + 2 = 2*n. Let m(f) = 3*f. Let u be m(n). What is the greatest common divisor of u and 5?
5
Let z(i) = 2*i**2 - 19*i + 27. Let q be z(14). Calculate the highest common factor of 204 and q.
51
Suppose 6 = -l + 3*s, 0 = 2*s - 6*s + 16. Suppose 2*m - 120 = l*m. Let a = m + 53. Calculate the greatest common factor of a and 253.
23
Let o = -12 - -13. Let x be 34/(o + (-2 - 0)). Let a = x + 48. What is the greatest common factor of 7 and a?
7
Suppose -25*w = -5*w - 200. Suppose -3*x = -4*x + 100. Calculate the highest common divisor of x and w.
10
Let f be (-2)/(-22) - (-4615)/55. Calculate the highest common divisor of f and 112.
28
Let k(u) = 3*u + 6. Let x = -2 - -11. Let b be k(x). What is the greatest common divisor of 22 and b?
11
Suppose -4*t + 4*o + 156 = 0, 219 = 4*t + 3*o + 56. Let m be (4 + -8)/(2 + -4). Suppose m*v + 4*v = 30. Calculate the highest common divisor of v and t.
5
Let y be (-4)/70 - 108339/(-5145). Suppose -4*s + 3 = -s. Let u be (-14)/(s + -4 + 1). Calculate the greatest common factor of y and u.
7
Suppose 5 + 20 = 5*x. Suppose -l - 4*z = -14 - 2, 0 = x*l + z - 80. Suppose 3*v - 695 = -167. What is the greatest common divisor of v and l?
16
Let i(b) = 3*b**2 + 7*b. Let s be i(2). Calculate the highest common factor of 130 and s